{"id":26,"date":"2018-12-08T19:08:44","date_gmt":"2018-12-08T18:08:44","guid":{"rendered":"http:\/\/www.sportarten.rwth-aachen.de\/SkiAG\/wp_neu\/?page_id=26"},"modified":"2021-10-19T00:20:30","modified_gmt":"2021-10-18T22:20:30","slug":"snowevent","status":"publish","type":"page","link":"https:\/\/snowsport.rwth-aachen.de\/?page_id=26","title":{"rendered":"SnowEvent"},"content":{"rendered":"\n<div class='content-column two_third'><p>Es gibt zwei Snowevents: Das Snowevent Landgraaf und das Alma Snowevent.<\/p>\n\n\n\n<p>Beide sind einmal j\u00e4hrlich stattfindende Events in der Skihalle Landgraaf, ausgerichtet vom Aachener Hochschulsport. F\u00fcr nur 21,50 \u20ac bekommt ihr:<\/p>\n\n\n\n<ul><li>Busshuttle-Service von Aachen zur Skihalle und zur\u00fcck<\/li><li>Eintritt f\u00fcr 4 Stunden<\/li><li>Equipment (Ski bzw. Snowboard inkl. Schuhe + Helm)<\/li><li>Ski bzw. Snowboard Schnupperkurse (optional)<\/li><li>Technik Schnupperkurse (optional f\u00fcr bessere Ski- und Snowboardfahrer)<\/li><li>Freestyle Schnupperkurse<\/li><li>Slalomparcours mit Betreuung<\/li><li>Betreutes Fahren im Funpark<\/li><\/ul>\n\n\n\n<p>Letztes Mal waren beim Snowevent Landgraaf \u00fcber 800 Studenten aus Aachen dabei. Das Alma Snowevent wird zusammen mit der Universit\u00e9 de Li\u00e8ge, der Maastricht University und der Universiteit Hasselt ausgerichtet.<\/p>\n\n\n\n<p>Die Events finden im Oktober und November statt. Genaue Informationen sind auf der Homepage des Aachener Hochschulsport zu finden. Dort ist auch die <a href=\"http:\/\/hochschulsport.rwth-aachen.de\/cms\/HSZ\/Events\/~kjrn\/Snowevent\/\">Buchung<\/a> m\u00f6glich.<\/p><\/div>\n\n\n\n<div class='content-column one_third'><div style=\"padding:56.25% 0 0 0;position:relative;\"><iframe src=\"https:\/\/www.youtube-nocookie.com\/embed\/j7PWMPrpGxo?controls=1\" allowfullscreen=\"\" style=\"position:absolute;top:0;left:0;width:100%;height:100%;\" frameborder=\"0\"><\/iframe><\/div><\/div>\n","protected":false},"excerpt":{"rendered":"","protected":false},"author":1,"featured_media":0,"parent":0,"menu_order":0,"comment_status":"closed","ping_status":"closed","template":"","meta":{"footnotes":""},"_links":{"self":[{"href":"https:\/\/snowsport.rwth-aachen.de\/index.php?rest_route=\/wp\/v2\/pages\/26"}],"collection":[{"href":"https:\/\/snowsport.rwth-aachen.de\/index.php?rest_route=\/wp\/v2\/pages"}],"about":[{"href":"https:\/\/snowsport.rwth-aachen.de\/index.php?rest_route=\/wp\/v2\/types\/page"}],"author":[{"embeddable":true,"href":"https:\/\/snowsport.rwth-aachen.de\/index.php?rest_route=\/wp\/v2\/users\/1"}],"replies":[{"embeddable":true,"href":"https:\/\/snowsport.rwth-aachen.de\/index.php?rest_route=%2Fwp%2Fv2%2Fcomments&post=26"}],"version-history":[{"count":7,"href":"https:\/\/snowsport.rwth-aachen.de\/index.php?rest_route=\/wp\/v2\/pages\/26\/revisions"}],"predecessor-version":[{"id":1197,"href":"https:\/\/snowsport.rwth-aachen.de\/index.php?rest_route=\/wp\/v2\/pages\/26\/revisions\/1197"}],"wp:attachment":[{"href":"https:\/\/snowsport.rwth-aachen.de\/index.php?rest_route=%2Fwp%2Fv2%2Fmedia&parent=26"}],"curies":[{"name":"wp","href":"https:\/\/api.w.org\/{rel}","templated":true}]}}