{"id":22,"date":"2018-12-08T19:06:55","date_gmt":"2018-12-08T18:06:55","guid":{"rendered":"http:\/\/www.sportarten.rwth-aachen.de\/SkiAG\/wp_neu\/?page_id=22"},"modified":"2021-10-19T00:13:43","modified_gmt":"2021-10-18T22:13:43","slug":"ski-snowboard-kurse","status":"publish","type":"page","link":"https:\/\/snowsport.rwth-aachen.de\/?page_id=22","title":{"rendered":"Ski- &#038; Snowboard-Kurse"},"content":{"rendered":"<div class='content-column two_third'><p>Mit uns habt ihr die M\u00f6glichkeit, das <strong>Ski<\/strong>&#8211; und\/oder <strong>Snowboardfahren<\/strong> zu lernen, ohne den weiten Weg in die Alpen zur\u00fccklegen zu m\u00fcssen. Ganz in der N\u00e4he von Aachen steht eine der gr\u00f6\u00dften Skihallen Europas, die <strong>SnowWorld Landgraaf<\/strong>.<\/p>\n\n\n\n<p>In jedem Wintersemester k\u00f6nnt ihr hier Kurse in <strong>unterschiedlichen Leistungsstufen<\/strong> vom Anf\u00e4nger bis zum Fortgeschrittenen im Skifahren und Snowboarden belegen. Auch f\u00fcr <a href=\"http:\/\/www.sportarten.rwth-aachen.de\/SkiAG\/wp_neu\/?page_id=24\">Freestyle-Interessierte<\/a> gibt es ein Angebot. Im Rahmen dieser Kurse bekommt ihr verg\u00fcnstigten Eintritt in die Skihalle und k\u00f6nnt an f\u00fcnf Terminen bei ausgebildeten Ski- und Snowboardlehrern des SNOWSport Teams euer K\u00f6nnen verbessern.<\/p>\n\n\n\n<p><strong>Details und Buchung:\u00a0<\/strong><a href=\"https:\/\/hochschulsport.rwth-aachen.de\/go\/id\/jqcnu?#aaaaaaaaaajqdnw\" target=\"_blank\" rel=\"noreferrer noopener\">Ski<\/a>\u00a0\/\u00a0<a href=\"https:\/\/hochschulsport.rwth-aachen.de\/go\/id\/johxg?#aaaaaaaaaajoipi\" target=\"_blank\" rel=\"noreferrer noopener\">Snowboard<\/a><\/p>\n\n\n\n<p>Der Kurs kostet 45 \u20ac, der Skihalleneintritt von 24,90 \u20ac (f\u00fcr 4 h) pro Termin wird vor Ort entrichtet und ist exklusiv f\u00fcr alle Kursteilnehmer. Die Ausleihe von Ski\/Snowboard, passenden Boots und einem Helm ist inklusive.<\/p><\/div>\n\n\n<div class='content-column one_third'><figure class=\"wp-block-image\"><img loading=\"lazy\" decoding=\"async\" width=\"1024\" height=\"683\" src=\"http:\/\/www.sportarten.rwth-aachen.de\/SkiAG\/wp_neu\/wp-content\/uploads\/2019\/04\/IMG_9021_2048-1024x683.jpg\" alt=\"\" class=\"wp-image-658\" srcset=\"https:\/\/snowsport.rwth-aachen.de\/wp-content\/uploads\/2019\/04\/IMG_9021_2048-1024x683.jpg 1024w, https:\/\/snowsport.rwth-aachen.de\/wp-content\/uploads\/2019\/04\/IMG_9021_2048-300x200.jpg 300w, https:\/\/snowsport.rwth-aachen.de\/wp-content\/uploads\/2019\/04\/IMG_9021_2048-768x512.jpg 768w, https:\/\/snowsport.rwth-aachen.de\/wp-content\/uploads\/2019\/04\/IMG_9021_2048-600x400.jpg 600w, https:\/\/snowsport.rwth-aachen.de\/wp-content\/uploads\/2019\/04\/IMG_9021_2048.jpg 2048w\" sizes=\"(max-width: 1024px) 100vw, 1024px\" \/><\/figure><\/div>\n","protected":false},"excerpt":{"rendered":"","protected":false},"author":1,"featured_media":305,"parent":0,"menu_order":0,"comment_status":"closed","ping_status":"closed","template":"","meta":{"footnotes":""},"_links":{"self":[{"href":"https:\/\/snowsport.rwth-aachen.de\/index.php?rest_route=\/wp\/v2\/pages\/22"}],"collection":[{"href":"https:\/\/snowsport.rwth-aachen.de\/index.php?rest_route=\/wp\/v2\/pages"}],"about":[{"href":"https:\/\/snowsport.rwth-aachen.de\/index.php?rest_route=\/wp\/v2\/types\/page"}],"author":[{"embeddable":true,"href":"https:\/\/snowsport.rwth-aachen.de\/index.php?rest_route=\/wp\/v2\/users\/1"}],"replies":[{"embeddable":true,"href":"https:\/\/snowsport.rwth-aachen.de\/index.php?rest_route=%2Fwp%2Fv2%2Fcomments&post=22"}],"version-history":[{"count":24,"href":"https:\/\/snowsport.rwth-aachen.de\/index.php?rest_route=\/wp\/v2\/pages\/22\/revisions"}],"predecessor-version":[{"id":1195,"href":"https:\/\/snowsport.rwth-aachen.de\/index.php?rest_route=\/wp\/v2\/pages\/22\/revisions\/1195"}],"wp:featuredmedia":[{"embeddable":true,"href":"https:\/\/snowsport.rwth-aachen.de\/index.php?rest_route=\/wp\/v2\/media\/305"}],"wp:attachment":[{"href":"https:\/\/snowsport.rwth-aachen.de\/index.php?rest_route=%2Fwp%2Fv2%2Fmedia&parent=22"}],"curies":[{"name":"wp","href":"https:\/\/api.w.org\/{rel}","templated":true}]}}